{"id":99,"date":"2018-07-20T21:21:53","date_gmt":"2018-07-20T21:21:53","guid":{"rendered":"http:\/\/www.jabbadub.pl\/?page_id=99"},"modified":"2021-07-07T19:03:36","modified_gmt":"2021-07-07T18:03:36","slug":"bio","status":"publish","type":"page","link":"https:\/\/www.jabbadub.com\/?page_id=99","title":{"rendered":"BIO"},"content":{"rendered":"<table border=\"0\">\n<tbody>\n<tr>\n<td bgcolor=\"#666666\"><strong><span style=\"color: #ffcc00;\">BIOGRAPHY<\/span><\/strong><\/td>\n<\/tr>\n<\/tbody>\n<\/table>\n<p><span>Jabbadub is a well-known in Poland project founded in 2006 by Dino Dub Selector, whose style can be described as broadly defined bass music. It is the first Polish line-up to play live original compositions from multi-track and digital-analogue effects using live dub mix technique.<\/span><\/p>\n<p><span>During the session you can enjoy a dj set, which presents the latest songs and remixes supported by Mista B on mic. Jabbadub is one of the artists present in the prestigious Dub Out Of Poland compilation. The project released several albums in cooperation with the Paproota.org Dub Netlabel label, which was co-founded by Jabbadub.<\/span><\/p>\n<div id=\"attachment_87\" style=\"width: 730px\" class=\"wp-caption aligncenter\"><img loading=\"lazy\" decoding=\"async\" aria-describedby=\"caption-attachment-87\" src=\"http:\/\/www.jabbadub.pl\/wp-content\/uploads\/2018\/07\/284765_576791162340372_1578428702_n.jpg\" alt=\"\" width=\"720\" height=\"540\" class=\"size-full wp-image-87\" srcset=\"https:\/\/www.jabbadub.com\/wp-content\/uploads\/2018\/07\/284765_576791162340372_1578428702_n.jpg 720w, https:\/\/www.jabbadub.com\/wp-content\/uploads\/2018\/07\/284765_576791162340372_1578428702_n-600x450.jpg 600w, https:\/\/www.jabbadub.com\/wp-content\/uploads\/2018\/07\/284765_576791162340372_1578428702_n-300x225.jpg 300w\" sizes=\"auto, (max-width: 720px) 100vw, 720px\" \/><p id=\"caption-attachment-87\" class=\"wp-caption-text\">Dub Temple &#8211; Krak\u00f3w 2011<\/p><\/div>\n<p><span style=\"font-size: inherit;\">The recent Jabbadub album was released by the French label ODGPROD, known to all dubheads. For several years the project have played hundreds of sound system sessions and concerts in Poland, Germany, the Czech Republic, Switzerland, Lithuania and Ukraine. All recording sessions, productions and remixes are created in the Astral Studio in Wroc\u0142aw.<\/span><\/p>\n<div id=\"attachment_94\" style=\"width: 760px\" class=\"wp-caption aligncenter\"><img loading=\"lazy\" decoding=\"async\" aria-describedby=\"caption-attachment-94\" src=\"https:\/\/www.jabbadub.com\/wp-content\/uploads\/2018\/07\/17758290_1499772153375597_6919533532334485578_o.jpg\" alt=\"\" width=\"750\" height=\"449\" class=\"size-full wp-image-94\" \/><p id=\"caption-attachment-94\" class=\"wp-caption-text\">Dolno\u015bl\u0105ska Szko\u0142a Dubu, Wroc\u0142aw 2018<\/p><\/div>\n","protected":false},"excerpt":{"rendered":"<p>BIOGRAPHY Jabbadub is a well-known in Poland project founded in 2006 by Dino Dub Selector, whose style can be described as broadly defined bass music. It is the first Polish line-up to play live original compositions from multi-track and digital-analogue effects using live dub mix technique. During the session you [&hellip;]<\/p>\n","protected":false},"author":1,"featured_media":0,"parent":0,"menu_order":0,"comment_status":"closed","ping_status":"closed","template":"","meta":{"ngg_post_thumbnail":0,"footnotes":""},"class_list":["post-99","page","type-page","status-publish","hentry"],"_links":{"self":[{"href":"https:\/\/www.jabbadub.com\/index.php?rest_route=\/wp\/v2\/pages\/99","targetHints":{"allow":["GET"]}}],"collection":[{"href":"https:\/\/www.jabbadub.com\/index.php?rest_route=\/wp\/v2\/pages"}],"about":[{"href":"https:\/\/www.jabbadub.com\/index.php?rest_route=\/wp\/v2\/types\/page"}],"author":[{"embeddable":true,"href":"https:\/\/www.jabbadub.com\/index.php?rest_route=\/wp\/v2\/users\/1"}],"replies":[{"embeddable":true,"href":"https:\/\/www.jabbadub.com\/index.php?rest_route=%2Fwp%2Fv2%2Fcomments&post=99"}],"version-history":[{"count":23,"href":"https:\/\/www.jabbadub.com\/index.php?rest_route=\/wp\/v2\/pages\/99\/revisions"}],"predecessor-version":[{"id":1230,"href":"https:\/\/www.jabbadub.com\/index.php?rest_route=\/wp\/v2\/pages\/99\/revisions\/1230"}],"wp:attachment":[{"href":"https:\/\/www.jabbadub.com\/index.php?rest_route=%2Fwp%2Fv2%2Fmedia&parent=99"}],"curies":[{"name":"wp","href":"https:\/\/api.w.org\/{rel}","templated":true}]}}